7 = 4*g - 92, 2*g = 4*l - 108. Let b = -42 + l. Let r = -10 - b. What are the prime factors of r?
7
Let r = 171 + -101. What are the prime factors of r?
2, 5, 7
Suppose -2*s - 2*s = -16. Let n be s/(-10)*(0 + -10). Suppose -w - n = -12. List the prime factors of w.
2
What are the prime factors of (2 + -1 + 6)/((-1)/(-16))?
2, 7
Let k(b) = b + 4. Let r be k(-6). Let s be r/6 + 7/3. Suppose -17 + 47 = 4*g - s*d, d = 1. List the prime factors of g.
2
Suppose 3*f - r - 92 = 0, r = -5*f - r + 157. What are the prime factors of f?
31
List the prime factors of (12 + -6)*(-44)/(-6).
2, 11
Let t(q) = -q**3 - 4*q**2 + 3*q - 7. Let a be t(-5). Let v(g) be the first derivative of 5*g**2/2 - 3*g - 2. What are the prime factors of v(a)?
2, 3
Let d(j) = 2*j**2 - 7*j - 5. Suppose 0 = -4*w + w - 4*y + 13, -5*w + 37 = -y. What are the prime factors of d(w)?
2, 11
Suppose -5*j + 93 = 38. Let l = j + -3. What are the prime factors of l?
2
Let p(v) = -v. Let x(b) = 3*b. Let g(c) = 7*p(c) + 2*x(c). Let q be g(-6). Suppose 4*u - 29 = -5*k, 5*k = q*u - u - 70. What are the prime factors of u?
11
Suppose -6*w + 2*w = 0. Suppose -5*c + w*c = -5. List the prime factors of ((-2)/(-3))/(c/15).
2, 5
Let k = 10 + -8. Suppose -k*x - 3 = 3. List the prime factors of ((-12)/x)/(1/2).
2
Let r be 4/14 + (-136)/(-14). Let x = 17 - r. List the prime factors of x.
7
Let d(w) = 16*w + 89. List the prime factors of d(17).
19
Let m = 109 - 71. Suppose -2*v = -2*x - m + 106, -3*v - 108 = -x. Let h = -20 - v. List the prime factors of h.
17
Let r be (-2 - (-12)/(-3))/1. Let h(q) = q + 8. What are the prime factors of h(r)?
2
Suppose -4*o + 4*x - 4 = 0, -4*x = -3*o - 2*o - 1. Suppose o*v = a + 3*a + 40, -2*a - 2 = 0. What are the prime factors of v?
2, 3
Suppose 5*p - 3*p = 3*w - 36, -5*p - 3*w = 111. Let r = p - -29. Let v = 1 + r. List the prime factors of v.
3
Let k(s) be the second derivative of 2*s**3 - s**2/2 + 2*s. List the prime factors of k(1).
11
Let j(l) = 2*l - 1. Suppose -7*f + 8*f = 2. List the prime factors of j(f).
3
What are the prime factors of (-6)/(-8) + (0 - 1545/(-20))?
2, 3, 13
Let t = -8 - -3. Let u = -1 - t. Suppose 64 = u*n - 4*m, -23 = -4*n + 2*m + 35. What are the prime factors of n?
13
What are the prime factors of (-186)/(-4)*24/54*3?
2, 31
Let a = -337 + 513. List the prime factors of a.
2, 11
Suppose 2011 = 5*c + 2*r + 561, -1153 = -4*c - 3*r. List the prime factors of c.
2, 73
Let q = 10 - 6. Suppose 2*w + y - 23 = 0, -w + q*w - 42 = y. List the prime factors of w.
13
What are the prime factors of (2 - (0 + (-1)/(-3)))*90?
2, 3, 5
Let h be (-4)/6 + 6/9. Suppose -4*a = -5*u + 48, h*u + 63 = 4*u + 5*a. List the prime factors of u.
2, 3
Let a = 7 + -3. Let h(u) = -u**2 + 6*u + 5. List the prime factors of h(a).
13
Let u = -172 - -102. List the prime factors of -1 + (-4)/8*u.
2, 17
Let c be 180/22 - (-2)/(-11). Let z be c/(-3)*(-15)/10. Suppose 4*n - 24 = -4*u, -3*u + 5*n - 2 - z = 0. List the prime factors of u.
3
Let b(r) = -r**2 - 4*r + 5. Let t be b(-4). Suppose 2*x - 14 = 4*p, t*x = -3*p - 1 + 101. Suppose 5*h - 8 = x. List the prime factors of h.
5
Suppose -4*d + f - 13 = 0, -4*d + 5*f - 9 - 8 = 0. Let b = 8 + d. List the prime factors of b.
5
Let h(t) = 4*t**3 - 9*t**2 - 10*t + 15. Let u(i) = 5*i**3 - 9*i**2 - 9*i + 15. Let s(x) = -4*h(x) + 3*u(x). What are the prime factors of s(10)?
3, 5
Let f be (60/70)/(2/14). Suppose -4*g + 5*x + 68 = 0, f*x + 17 = g + x. What are the prime factors of g?
17
Let p = 121 + -39. What are the prime factors of p?
2, 41
Let k(p) = -p**3 + p**2 - 2*p + 2. Let y be k(0). Suppose -66 = -y*v + 2*b, 5*v - 234 + 66 = 4*b. What are the prime factors of v?
2, 3
List the prime factors of 6/6*(15 + -2).
13
Suppose -64 = -3*l + 4*t + 8, 5*l = -2*t + 146. Let g = l - 2. List the prime factors of g.
2, 13
Let a = -57 + 88. Suppose 17 = 3*g - a. List the prime factors of (-3)/(-6)*0 + g.
2
Suppose -2*l + l = 2*h - 12, -2*h - 4 = -3*l. Suppose 3 = l*y - 5. What are the prime factors of y?
2
Let f(r) = -r**3 + 6*r**2 + r - 1. Let c be f(6). Let v be -1*c/(-1 + 2). Let p = v + 16. List the prime factors of p.
11
Suppose 0 = 2*a - 6*a. Suppose 10*i - 5*i - 20 = a. What are the prime factors of i?
2
Let l be 2/7 - (-66)/14. Suppose -4*o + d = -d + 2, -l*d + 5 = 4*o. What are the prime factors of 1 - -2*(o - -2)?
5
Suppose -2*i - f = -27, -3*f + 39 = 3*i - 0. What are the prime factors of i?
2, 7
Let n(o) = 2*o + 2. Let y(v) be the first derivative of -11*v**2 - 22*v - 1. Let l(r) = -68*n(r) - 6*y(r). List the prime factors of l(-3).
2
Let w(q) = -q - 2. Let a be w(4). Let p(h) = -h**2 + 5*h + 7. Let y be p(5). Let u = y - a. What are the prime factors of u?
13
Suppose -4*r - 151 = -9*r - s, -5*s = r - 11. What are the prime factors of r?
31
Suppose 0 = -y + 10 + 29. Suppose -5*z + y = -26. List the prime factors of z.
13
Let t be (-60)/(-14) + 12/(-42). Let i = 8 - t. List the prime factors of i.
2
Suppose 3*t - 105 = -i, 2*t - 538 = -6*i + i. What are the prime factors of i?
2, 3
Let p be (-20)/(-3) - 4/(-12). Suppose y - f = -8, -p*y - 3*f + 3 = -3*y. Let k = 0 - y. List the prime factors of k.
3
Let b = 43 + -8. Suppose 0 = -3*m + 7 + b. List the prime factors of m.
2, 7
Let c = -15 - -17. Suppose 3*i - 147 = -q, -c*i - 2*q = -6*q - 84. What are the prime factors of i?
2, 3
Let p(b) = b - 1. Let y(n) = 3*n - 2. Let h(k) = -17*p(k) + 6*y(k). Let s be h(-8). Let j = s - -11. List the prime factors of j.
2
Suppose 0 = -2*v - 3*v + 10. Let g be 69 - (-1 + 0)*-1. What are the prime factors of 1/v + g/8?
3
Let r(q) = 2 - 4*q - 5 + 3*q. Let m be r(-6). Suppose 5*i + 5 = 4*x + 23, -m*i + 10 = -2*x. What are the prime factors of i?
2
Let q be (-1)/4*-22*2. Let u(h) = -h**3 + 12*h**2 - 9*h - 7. List the prime factors of u(q).
3, 5
Let f(n) = -n**2 - 5*n + 5. Let p be f(-5). Let w = -74 - -49. List the prime factors of 2/(-2)*w/p.
5
What are the prime factors of (-2)/6*(-2 - -5) - -57?
2, 7
Let t(h) = 2*h**2 - 11*h - 5. What are the prime factors of t(8)?
5, 7
Suppose -2*x = 3*p - 68, x - 150 = -3*x + p. List the prime factors of x.
37
Suppose 3*n - 34 = 5. List the prime factors of n.
13
Let t(c) = c - 2. Let x be t(0). Let f be x/(-4) + (-11)/(-2). Let n(v) = 2*v + 1. What are the prime factors of n(f)?
13
Let n(l) = l**3 + 4*l**2 - 3*l - 4. Let d be 10/(-8) - (-7)/28. Let b = -2 + d. What are the prime factors of n(b)?
2, 7
Suppose -o + 3 = -5*y, 0 = 5*y - y + 2*o - 6. Suppose 4*u - 54 = -2*t, -t + 2*u = -y*t - 19. What are the prime factors of t?
23
Let u be (-2)/8 + 57/(-12). Let v(b) = b**3 + 7*b**2 + 6*b + 2. Let l be v(u). Suppose -5*d + 18 = -l. What are the prime factors of d?
2
Let z be 344/72 + (-4)/(-18). Suppose 0 = -z*k, 4*k - 1 = h - 6. Suppose -2*l + 71 = 3*i - 6*l, -2*l = h*i - 75. List the prime factors of i.
17
Let u = -5 + 13. Let a be (6/15)/((-2)/(-20)). What are the prime factors of 17/a + (-2)/u?
2
List the prime factors of ((-333)/(-12))/(28/(-32) + 1).
2, 3, 37
Let u(x) = -x**3 + 7*x**2 - 5*x. Let s be u(6). Let k = 14 - s. List the prime factors of k.
2
Let j = 5 - 9. Let l(t) = -t**3 - 4*t**2 - t - 2. Let i be l(j). Let c(u) = 5*u - 1. List the prime factors of c(i).
3
Suppose t + 2*x = 200, 4*t - 3*x = 3*t + 210. List the prime factors of t.
2, 3, 17
Let t = -13 + 16. Suppose 8 = 5*y - t*i, 3*y + 4*i = -i + 32. List the prime factors of y.
2
What are the prime factors of ((-8)/(-12))/((-2)/(-6))?
2
Suppose -3*y - 4 = -46. Let t = y - 7. What are the prime factors of t?
7
Let d(q) = -q - 4. Let l be d(-9). Suppose 2*c + 79 = l*g + 4, -4*c - g = 95. Let z = -14 - c. What are the prime factors of z?
11
Suppose -15 = 2*j - 2*k - k, 0 = 5*j - 3*k + 15. Suppose -8 = -4*r + 4*s, j*r + 2*r = -s - 5. List the prime factors of ((-1)/r)/((-1)/(-2)).
2
Let z(d) = 11*d**2 - 5 - 9*d**2 - d**2 - 3*d. Let s be (3 - 4)*5*-1. List the prime factors of z(s).
5
Let a = 45 - -6. Suppose 1 - a = -5*t. Suppose -t - 10 = -2*k. What are the prime factors of k?
2, 5
Suppose 4*l = 4*a - 8, l + 0*l = -5. Let z = 4 - a. What are the prime factors of z?
7
Suppose 0 = 4*x - 5*v - 323 - 1061, x = -v + 355. List the prime factors of x.
3, 13
Suppose 12 = 4*g - 12. Let q(d) = -2*d - 1. Let k(l) = -l. Let t(c) = 3*k(c) - 2*q(c). List the prime fa